 What is the highest common divisor of m and d?
4
Let b(o) = o**2 + 11*o + 4. Let z = -35 + 24. Let r be b(z). What is the greatest common factor of r and 6?
2
Let i = 14 - 10. Suppose -i*s + 87 = -s. What is the highest common factor of 203 and s?
29
Suppose -4*b = 2*i - 10, 5*i + 5*b - 11 = 4*i. Let s be 1/(i/18*-2). Let t = 16 + s. Calculate the highest common divisor of 56 and t.
7
Let z(g) be the third derivative of 59*g**5/60 - g**4/6 + 2*g**3/3 + 3*g**2. Let j be z(2). What is the greatest common divisor of 29 and j?
29
Let s be ((-16)/14)/(-6*9/756). What is the highest common factor of 38 and s?
2
Suppose -3*g - 2*x = 140 - 576, 0 = 4*x - 8. What is the greatest common divisor of 208 and g?
16
Suppose 0 = 3*r - f + 35 + 923, 1294 = -4*r - 2*f. Let c be ((-6)/9 - 1)/(2/270). Let a = c - r. What is the highest common factor of a and 12?
12
Suppose 5*v = 2*p + 18, -2*v + 0*v + 5*p + 24 = 0. Let l = 3 + 2. Suppose -2*w - v*w - l*z = -36, -w + z = 0. What is the highest common factor of 28 and w?
4
Let r(j) = 2*j - 3. Let y be r(5). Suppose -2*h + y = 3. Suppose -4*q + h*k + 30 = 0, 3*q - 3*k = 21 + 6. What is the greatest common factor of q and 60?
6
Let z be ((-2)/(-2 + 1))/((-14)/(-392)). What is the greatest common factor of 42 and z?
14
Let x(l) = l**3 + 3*l**2 - 2*l - 1. Let h be x(2). Suppose -h*c + 11*c = -704. Calculate the highest common divisor of c and 16.
16
Suppose 3*t - 14 = -11. What is the greatest common divisor of t and 17?
1
Let d(o) = -o + 27. Let q be d(16). Let m be 328/q + 2/11. Suppose 2*s - 154 = -3*h + 2*h, 0 = 4*s + h - 304. What is the greatest common factor of s and m?
15
Let a be (2 - 186)/(-2) + 0. Calculate the highest common divisor of 115 and a.
23
Let o(x) = 5*x**2 + 2*x - 1. Let a be o(-2). Suppose b = -a + 51. What is the highest common divisor of b and 9?
9
Suppose -3*n + 5*o - 13 = 0, o - 2 = -4*n - 2*o. Let w = n - -29. What is the highest common divisor of w and 14?
14
Let r be -9 + 3 - -3 - 0. Let d be 3 - (-43 + (-12)/r). Let z be 36/d*(-21)/(-3). What is the greatest common factor of 48 and z?
6
Let x(s) = -7*s - 4. Let b = -1 - -3. Let n be x(b). Let z = n + 28. What is the greatest common divisor of z and 4?
2
Let g be (-2)/(-6) + (-44)/(-12). Suppose -256 - g = -4*v. What is the highest common divisor of v and 39?
13
Let c = 13 - -3. Let k = 18 - c. Suppose 0 = -k*s + 4*s - 176. What is the highest common factor of 8 and s?
8
Let s be (2 + 8)/(4/54). Let p = -338 - -392. Calculate the highest common divisor of s and p.
27
Let f = -25 - -24. Let u be 18/(-30)*(-14 + f). Let r(q) = q + 4. Let a be r(u). What is the greatest common factor of 52 and a?
13
Let s be -4 + 3 + (-3)/(-1) - -46. Let b(q) = -q**3 - 2*q**2 - 4*q + 2. Let w be b(-4). Let c be w/3 + (-2)/3. Calculate the highest common divisor of c and s.
16
Suppose i = -86 + 96. Let m be 1 - 1 - 84/3. Let u = -3 - m. Calculate the greatest common factor of i and u.
5
Let q = 161 + 114. What is the highest common divisor of q and 440?
55
Suppose 0 = -3*z + 5*v + 3, 6*v + 6 = 4*v. Let i be z/(-3)*66/11. What is the greatest common factor of i and 12?
4
Suppose 0*h - 25 = -3*i + 5*h, i - 5 = 5*h. Suppose -20 = -3*y + 40. Calculate the greatest common divisor of i and y.
10
Let z = 1189 - 449. Calculate the greatest common factor of 37 and z.
37
Suppose 0 = c + 3 - 16. Let o be 42/(-273) - (-496)/c. What is the greatest common factor of o and 19?
19
Let i(u) = 2*u**2 - 8*u - 12. Let n be i(-8). Let a be -6 + 54 + (0 - 3). Calculate the highest common divisor of a and n.
45
Let z = 39 + 20. Suppose -5*a + 8 + 105 = -q, 2*a - 5*q = z. What is the greatest common factor of a and 110?
22
Let m = 2036 - 1269. Calculate the highest common factor of 13 and m.
13
Let v be (-3 - -7) + -4 - 3936. Let d be v/(-30) - 4/(-5). Let x be (-84)/(-7)*(-2)/(-2). What is the greatest common divisor of d and x?
12
Let i(x) = 30*x. Let c be i(2). Suppose 0 = 7*b - 6*b - 16. Let y be (-4 - b/(-5))*-30. What is the highest common divisor of y and c?
12
Let u be ((-44)/12 + 4)*48. Let l = 1 - -7. Let d(k) = 2*k**2 - 7*k + 8. Let g be d(l). What is the highest common divisor of g and u?
16
Suppose -292 - 23 = -9*m. Suppose 3*i + 21 = 84. What is the highest common divisor of i and m?
7
Let n = -810 + 826. What is the highest common divisor of n and 64?
16
Suppose 4*i - 3 - 5 = 0. Let k be (9 - 9)*i/(-4). Let z(t) = t**2 - t + 110. Let j be z(k). Calculate the greatest common factor of j and 22.
22
Suppose 5*v = -0*v - 4*o + 124, -3*v = 2*o - 76. Let s be (112/18)/((-10)/(-45)). Calculate the highest common factor of s and v.
28
Let k(r) = 37*r - 830. Let s be k(30). Calculate the greatest common factor of s and 616.
56
Let n = 1045 - 1031. Suppose -6*f + 175 = -f. What is the highest common factor of n and f?
7
Let m(j) = 232*j**3 - 2*j**2 - 2*j. Let z be m(-1). Let x = z + 46. Let r = x - -267. What is the highest common factor of 9 and r?
9
Let s be ((-2756)/(-265))/((-1)/(-5)). Calculate the greatest common divisor of 754 and s.
26
Let u = 1428 + -1314. What is the highest common factor of 30 and u?
6
Let t be (-4170)/(-50) + 4/(-10). Let p = t + -49. What is the highest common divisor of p and 102?
34
Suppose 0 = -3*j + 5*j - 6. Suppose -2*x + 5*i + 3 + 12 = 0, j*x = i + 16. Suppose -x*y = -386 - 134. What is the highest common divisor of 13 and y?
13
Let t(o) = -3*o + 14 - 8 - 2*o**3 - 7 - 2*o**2. Let s be t(-2). Let k = -91 + 195. Calculate the greatest common factor of s and k.
13
Suppose -2*h = y - 0*y - 334, -5*y = -h + 189. Let l = h + -97. What is the highest common factor of 8 and l?
8
Suppose -7 - 1 = -l. Suppose -5*q + 25 = 2*g + 3*g, 2*q + 4*g = 16. Suppose 2*h - 4*o + l = -q*h, -h + 18 = 4*o. What is the greatest common factor of h and 14?
2
Let i(v) = v**2 - 6*v + v**2 - 5 - v - v. Let g be i(5). Let y be (2 - (-4 + g)) + 11. Calculate the greatest common factor of 132 and y.
12
Let v(c) = c**2 - 4*c - 44. Let j be v(-10). Calculate the highest common divisor of j and 72.
24
Let v(t) = t**2 - t + 3. Let j be v(0). Suppose -42*x + 44*x = 14. Let r = x - j. What is the highest common divisor of r and 4?
4
Let j = 1988 - 1785. Calculate the greatest common factor of 21 and j.
7
Let m(t) = 2*t - 7*t - t - 64. Let d be m(-11). Let j be -1*(0/(-1) - 4). Calculate the greatest common factor of d and j.
2
Suppose 2*c = -5 + 17. Let w = 520 + -1375. Let d be (-6)/14 + w/(-35). What is the greatest common factor of c and d?
6
Suppose 44*v = 40*v + 640. Calculate the highest common divisor of v and 360.
40
Let w be 0/(4 - 1 - (3 - -1)). Suppose -4*b - 2*q + 266 = 0, -5*q + 210 = 3*b - w*b. What is the greatest common divisor of 26 and b?
13
Suppose -3*m + 5*w = -42, 32 = 2*m - 5*w + 3*w. Let u = m - -31. Calculate the highest common divisor of 20 and u.
10
Let g(k) be the first derivative of k**4/4 + 2*k**3/3 - k**2/2 - 6*k + 2. Let f be g(-3). Let t = f - -21. Calculate the greatest common factor of 81 and t.
9
Suppose -7 = -f - k, -4 - 12 = -4*k. Let c = -13 - -14. Let d = c + 2. What is the greatest common factor of f and d?
3
Let w = 13 - 18. Let s = 73 - w. Suppose 4 + 22 = 2*b. What is the greatest common divisor of s and b?
13
Let k be (7/2 + -3)*18. Let o = 7 + k. Suppose o*t + 9 = 19*t. What is the greatest common divisor of 1 and t?
1
Let d be (21 + 3)*160/80. Suppose -q - 2*f = -377, q - 373 = -0*q - 3*f. Suppose 215 = 5*j - q. What is the greatest common divisor of j and d?
24
Let n = 12 - -6. Let m be 87 + -1*(0 + -3). Let g be m*(-8)/(-20)*1. Calculate the highest common factor of g and n.
18
Suppose 0 = -5*r - 2*c + 89, 9*r - 4*r - 83 = -4*c. Let o = 12 - 12. Let z be 1 + (-2 - (-210 - o)). What is the highest common divisor of z and r?
19
Let f = -65 + 116. Let m = 69 - f. Calculate the highest common divisor of m and 162.
18
Let u be 84/10 + -1 + (-3)/(-5). Suppose -u*s + 4*s + 616 = 0. What is the greatest common factor of s and 14?
14
Suppose 11*t = 15*t - 204. Calculate the highest common factor of t and 561.
51
Let w(t) = t**2 + 6*t - 16. Let x be w(-6). Let k be 3 - (-46)/x - (-124)/32. What is the greatest common divisor of k and 32?
4
Let y(p) = p - 1. Let n be y(3). Suppose 54 = 4*g - n*q, -3 = 3*g + 4*q - 49. What is the highest co